{"id":35,"date":"2015-05-01T10:35:15","date_gmt":"2015-05-01T08:35:15","guid":{"rendered":"http:\/\/www.jelena-stojkovic.com\/?page_id=35"},"modified":"2025-02-20T22:10:51","modified_gmt":"2025-02-20T21:10:51","slug":"lebenslauf","status":"publish","type":"page","link":"https:\/\/www.jelena-stojkovic.com\/index.php\/de\/lebenslauf\/","title":{"rendered":"Biografie"},"content":{"rendered":"<p>Der Lebensweg der aus Prizren stammenden Pianistin Jelena Stojkovi\u0107 ist bestimmt durch ihre tiefe Liebe zur Musik. Ihre musikalische Familie, aber auch die Verbindung zu ihrer Heimat, haben erste Ber\u00fchrungspunkte mit der Musik erm\u00f6glicht. Fr\u00fch konnten so erste Impulse gesetzt werden, die die Pianistin auf ihrem musikalischen Weg inspiriert und begleitet haben.<\/p>\n<p>Sie studierte an der Musikhochschule in Belgrad (Serbien), an der Hochschule f\u00fcr Musik und Theater in M\u00fcnchen bei Prof. Bianca Bodalia und am Leopold-Mozart-Zentrum in Augsburg bei <a href=\"http:\/\/evgeniarubinova.com\/\" target=\"_blank\" rel=\"noopener noreferrer\">Evgenia Rubinova<\/a>. Sie ist mehrfache Laureatin, sowohl als Solistin als auch als Kammermusikpartnerin jugoslawischer und internationaler Wettbewerbe.<\/p>\n<p>Jelena Stojkovi\u0107 ist als Klavierdozentin am Leopold Mozart Collage of Musik der Universit\u00e4t Augsburg t\u00e4tig. Seit 2016 ist sie zudem Dirigentin des Chores der serbisch-orthodoxen Kirche Sveti Jovan Vladimir in M\u00fcnchen.<\/p>\n<p>In den letzten Jahren gab Jelena Stojkovi\u0107 erfolgreich Konzerte als Solistin, mit Orchestern wie der Bayerischen Philharmonie, sowie an der Seite des Violinisten Sebastian Caspar und des Vibraphonisten Carlos Vera Laruccea, erster Schlagzeuger des Bayrischen Staatsorchesters. Mit letzterem steht sie regelm\u00e4\u00dfig als Duo Piano meets Vibra\u00adphone auf der B\u00fchne und konzertiert mit ihm unter anderem im Rahmen des Buchloer Musikfestivals contrast, bei welchem Jelena Stojkovi\u0107 als Gr\u00fcnderin die k\u00fcnstlerische Leitung innehat. Sie ist Mitglied des Trios CONTRASTS und des Klavierduos Stojkovi\u0107\/Mrktchya. Zudem geh\u00f6rte sie dem Klaviertrio Ani\u00admando und dem Quartett Quattro per Due an, einem Ensemble bestehend aus zwei Pianistinnen und zwei Schlagzeugern, welches 2018 die CD Grenzenlos ver\u00f6ffentlichte.<\/p>\n<p>Zu ihren Konzertt\u00e4tigkeiten z\u00e4hlen dar\u00fcber hinaus Auftritte bei einer Vielzahl von nationalen und internationalen Festivals. Hierzu geh\u00f6ren u. a. die Sommerfestspiele in Hohenkammer, die Orff-Tage der Bayrischen Philharmonie im Herkulessaal, die Ludwigsfestspiele in F\u00fcssen, das Schwarzwald Musikfestival und die Europ\u00e4ischen Wochen in Passau. Ins Ausland f\u00fchrten sie u. a. die Deutschen Kulturwochen im Opernhaus Kairo (\u00c4gypten), das Percus\u00adsion Festival in Paris (Frankreich), das Kammermusikfestival in Ankara (T\u00fcrkei), sowie das Kammermusikfestival in Belgrad (Serbien), das Festival Pia\u00adno City Novi Sad (Serbien) und die High Court Concerts in Canberra (Australien). Durch Benefizkonzerte unterst\u00fctzte sie die Hilfsorganisationen ASIA\u00adHilfe und ConCultures sowie die Serbische Solida\u00adrit\u00e4t.<\/p>\n<p>Ihr Repertoire ist ebenso grenz\u00fcberschreitend wie transkulturell und hat \u2013 neben den gro\u00dfen, klassischen Werken &#8211; ein starkes Augenmerk auf zeitgen\u00f6ssische Werke, welche sie oft zusammen mit den KomponistInnen einstudiert. So ver\u00f6ffentlichte sie bereits zwei CDs mit dem Komponisten Enjott Schneider; die Kammermusik-CD Dreaming Backwards im Juni 2020 und die CD Nur wer die Sehnsucht kennt&#8230;, eine Beethoven-Hommage mit Solo- und Kammermusikwerken im Januar 2021.<\/p>\n<p>Ihre erste Solo-CD &#8222;Roses of East&#8220;, ebenso erschienen 2021, erhielt hervorragende Kritiken und wurde als CD des Monats ausgezeichnet. Mit ihr begibt sich die K\u00fcnstlerin des Labels Spektral Records mit Werken der russischen Romantik sowie zeitgen\u00f6ssischer Musik auf eine ganz pers\u00f6nliche Reise in die Landschaften ihrer musikalischen Heimat. 2024 erschien ihre zweite Solo-CD &#8222;Schubert Echos&#8220;, welche sich der Musik Schuberts sowie von ihm beeinflussten Werken widmet.<\/p>\n","protected":false},"excerpt":{"rendered":"<p>Der Lebensweg der aus Prizren stammenden Pianistin Jelena Stojkovi\u0107 ist bestimmt durch ihre tiefe Liebe zur Musik. Ihre musikalische Familie, aber auch die Verbindung zu ihrer Heimat, haben erste Ber\u00fchrungspunkte mit der Musik erm\u00f6glicht. Fr\u00fch konnten so erste Impulse gesetzt werden, die die Pianistin auf ihrem musikalischen Weg inspiriert und begleitet haben. Sie studierte an &hellip; <a href=\"https:\/\/www.jelena-stojkovic.com\/index.php\/de\/lebenslauf\/\" class=\"more-link\"><span class=\"screen-reader-text\">Biografie<\/span> weiterlesen <span class=\"meta-nav\">&rarr;<\/span><\/a><\/p>\n","protected":false},"author":1,"featured_media":747,"parent":0,"menu_order":0,"comment_status":"closed","ping_status":"closed","template":"","meta":{"footnotes":""},"class_list":["post-35","page","type-page","status-publish","has-post-thumbnail","hentry"],"_links":{"self":[{"href":"https:\/\/www.jelena-stojkovic.com\/index.php\/wp-json\/wp\/v2\/pages\/35","targetHints":{"allow":["GET"]}}],"collection":[{"href":"https:\/\/www.jelena-stojkovic.com\/index.php\/wp-json\/wp\/v2\/pages"}],"about":[{"href":"https:\/\/www.jelena-stojkovic.com\/index.php\/wp-json\/wp\/v2\/types\/page"}],"author":[{"embeddable":true,"href":"https:\/\/www.jelena-stojkovic.com\/index.php\/wp-json\/wp\/v2\/users\/1"}],"replies":[{"embeddable":true,"href":"https:\/\/www.jelena-stojkovic.com\/index.php\/wp-json\/wp\/v2\/comments?post=35"}],"version-history":[{"count":20,"href":"https:\/\/www.jelena-stojkovic.com\/index.php\/wp-json\/wp\/v2\/pages\/35\/revisions"}],"predecessor-version":[{"id":1280,"href":"https:\/\/www.jelena-stojkovic.com\/index.php\/wp-json\/wp\/v2\/pages\/35\/revisions\/1280"}],"wp:featuredmedia":[{"embeddable":true,"href":"https:\/\/www.jelena-stojkovic.com\/index.php\/wp-json\/wp\/v2\/media\/747"}],"wp:attachment":[{"href":"https:\/\/www.jelena-stojkovic.com\/index.php\/wp-json\/wp\/v2\/media?parent=35"}],"curies":[{"name":"wp","href":"https:\/\/api.w.org\/{rel}","templated":true}]}}