{"id":110,"date":"2015-05-01T13:53:29","date_gmt":"2015-05-01T11:53:29","guid":{"rendered":"http:\/\/www.jelena-stojkovic.com\/?page_id=110"},"modified":"2018-10-07T22:09:16","modified_gmt":"2018-10-07T20:09:16","slug":"animando","status":"publish","type":"page","link":"https:\/\/www.jelena-stojkovic.com\/index.php\/de\/animando\/","title":{"rendered":"Animando"},"content":{"rendered":"<p>Im Jahr 2008 gr\u00fcndeten Absolventinnen der Musikhochschulen M\u00fcnchen und Augsburg das Ensemble Animando. Die Musikerinnen aus Prizren, New York, M\u00fcnchen und Ulm konzertieren in der Besetzung Klavierquartett, Klaviertrio und Streichtrio. Das Ensemble spielte unter anderem im Rahmen des Augsburger Mozartfestes auf Bayern 4 in der Sendung &#8222;Wir Auf Vier&#8220; und war Gast bei den Sommerlichen Ulmer Musiktagen in Wain.<\/p>\n<p>Mehr Infos unten: <a href=\"http:\/\/www.animando.org\/\" target=\"_blank\" rel=\"noopener\">Ensemble Animando<\/a><\/p>\n","protected":false},"excerpt":{"rendered":"<p>Im Jahr 2008 gr\u00fcndeten Absolventinnen der Musikhochschulen M\u00fcnchen und Augsburg das Ensemble Animando. Die Musikerinnen aus Prizren, New York, M\u00fcnchen und Ulm konzertieren in der Besetzung Klavierquartett, Klaviertrio und Streichtrio. Das Ensemble spielte unter anderem im Rahmen des Augsburger Mozartfestes auf Bayern 4 in der Sendung &#8222;Wir Auf Vier&#8220; und war Gast bei den Sommerlichen &hellip; <a href=\"https:\/\/www.jelena-stojkovic.com\/index.php\/de\/animando\/\" class=\"more-link\"><span class=\"screen-reader-text\">Animando<\/span> weiterlesen <span class=\"meta-nav\">&rarr;<\/span><\/a><\/p>\n","protected":false},"author":1,"featured_media":187,"parent":0,"menu_order":0,"comment_status":"closed","ping_status":"closed","template":"","meta":{"footnotes":""},"class_list":["post-110","page","type-page","status-publish","has-post-thumbnail","hentry"],"_links":{"self":[{"href":"https:\/\/www.jelena-stojkovic.com\/index.php\/wp-json\/wp\/v2\/pages\/110","targetHints":{"allow":["GET"]}}],"collection":[{"href":"https:\/\/www.jelena-stojkovic.com\/index.php\/wp-json\/wp\/v2\/pages"}],"about":[{"href":"https:\/\/www.jelena-stojkovic.com\/index.php\/wp-json\/wp\/v2\/types\/page"}],"author":[{"embeddable":true,"href":"https:\/\/www.jelena-stojkovic.com\/index.php\/wp-json\/wp\/v2\/users\/1"}],"replies":[{"embeddable":true,"href":"https:\/\/www.jelena-stojkovic.com\/index.php\/wp-json\/wp\/v2\/comments?post=110"}],"version-history":[{"count":6,"href":"https:\/\/www.jelena-stojkovic.com\/index.php\/wp-json\/wp\/v2\/pages\/110\/revisions"}],"predecessor-version":[{"id":752,"href":"https:\/\/www.jelena-stojkovic.com\/index.php\/wp-json\/wp\/v2\/pages\/110\/revisions\/752"}],"wp:featuredmedia":[{"embeddable":true,"href":"https:\/\/www.jelena-stojkovic.com\/index.php\/wp-json\/wp\/v2\/media\/187"}],"wp:attachment":[{"href":"https:\/\/www.jelena-stojkovic.com\/index.php\/wp-json\/wp\/v2\/media?parent=110"}],"curies":[{"name":"wp","href":"https:\/\/api.w.org\/{rel}","templated":true}]}}